{"id":42,"date":"2021-07-14T13:35:09","date_gmt":"2021-07-14T11:35:09","guid":{"rendered":"http:\/\/adoptame.doshermanas.es\/?page_id=42"},"modified":"2024-07-29T14:03:11","modified_gmt":"2024-07-29T12:03:11","slug":"contacte-con-nosotros","status":"publish","type":"page","link":"https:\/\/adoptame.doshermanas.es\/?page_id=42","title":{"rendered":"Contacto"},"content":{"rendered":"\t\t<div data-elementor-type=\"wp-page\" data-elementor-id=\"42\" class=\"elementor elementor-42\">\n\t\t\t\t\t\t<section class=\"elementor-section elementor-top-section elementor-element elementor-element-1d2e1546 elementor-section-boxed elementor-section-height-default elementor-section-height-default\" data-id=\"1d2e1546\" data-element_type=\"section\">\n\t\t\t\t\t\t<div class=\"elementor-container elementor-column-gap-default\">\n\t\t\t\t\t<div class=\"elementor-column elementor-col-100 elementor-top-column elementor-element elementor-element-23579688\" data-id=\"23579688\" data-element_type=\"column\">\n\t\t\t<div class=\"elementor-widget-wrap elementor-element-populated\">\n\t\t\t\t\t\t<div class=\"elementor-element elementor-element-2ccd27a5 elementor-widget elementor-widget-text-editor\" data-id=\"2ccd27a5\" data-element_type=\"widget\" data-widget_type=\"text-editor.default\">\n\t\t\t\t<div class=\"elementor-widget-container\">\n\t\t\t\t\t\t\t\t\t\t\t\t\t\t\t\t\t<\/div>\n\t\t\t\t<\/div>\n\t\t\t\t\t<\/div>\n\t\t<\/div>\n\t\t\t\t\t<\/div>\n\t\t<\/section>\n\t\t\t\t<section class=\"elementor-section elementor-top-section elementor-element elementor-element-22b19ca elementor-section-boxed elementor-section-height-default elementor-section-height-default\" data-id=\"22b19ca\" data-element_type=\"section\">\n\t\t\t\t\t\t<div class=\"elementor-container elementor-column-gap-default\">\n\t\t\t\t\t<div class=\"elementor-column elementor-col-100 elementor-top-column elementor-element elementor-element-b8ee488\" data-id=\"b8ee488\" data-element_type=\"column\">\n\t\t\t<div class=\"elementor-widget-wrap elementor-element-populated\">\n\t\t\t\t\t\t<div class=\"elementor-element elementor-element-c2e52b4 elementor-widget elementor-widget-wpforms\" data-id=\"c2e52b4\" data-element_type=\"widget\" data-widget_type=\"wpforms.default\">\n\t\t\t\t<div class=\"elementor-widget-container\">\n\t\t\t\t\t<div class=\"wpforms-container wpforms-container-full wpforms-block\" id=\"wpforms-300\"><form id=\"wpforms-form-300\" class=\"wpforms-validate wpforms-form wpforms-ajax-form\" data-formid=\"300\" method=\"post\" enctype=\"multipart\/form-data\" action=\"\/index.php?rest_route=%2Fwp%2Fv2%2Fpages%2F42\" data-token=\"bb93f3d41fad4a213bf9f87e2c400522\" data-token-time=\"1776292111\"><noscript class=\"wpforms-error-noscript\">Por favor, activa JavaScript en tu navegador para completar este formulario.<\/noscript><div class=\"wpforms-field-container\"><div id=\"wpforms-300-field_0-container\" class=\"wpforms-field wpforms-field-name\" data-field-id=\"0\"><label class=\"wpforms-field-label\" for=\"wpforms-300-field_0\">Nombre <span class=\"wpforms-required-label\">*<\/span><\/label><div class=\"wpforms-field-row wpforms-field-medium\"><div class=\"wpforms-field-row-block wpforms-first wpforms-one-half\"><input type=\"text\" id=\"wpforms-300-field_0\" class=\"wpforms-field-name-first wpforms-field-required\" name=\"wpforms[fields][0][first]\" placeholder=\"Nombre\" required><label for=\"wpforms-300-field_0\" class=\"wpforms-field-sublabel after wpforms-sublabel-hide\">Nombre<\/label><\/div><div class=\"wpforms-field-row-block wpforms-one-half\"><input type=\"text\" id=\"wpforms-300-field_0-last\" class=\"wpforms-field-name-last wpforms-field-required\" name=\"wpforms[fields][0][last]\" placeholder=\"Apellidos\" required><label for=\"wpforms-300-field_0-last\" class=\"wpforms-field-sublabel after wpforms-sublabel-hide\">Apellidos<\/label><\/div><\/div><\/div><div id=\"wpforms-300-field_6-container\" class=\"wpforms-field wpforms-field-text\" data-field-id=\"6\"><label class=\"wpforms-field-label\" for=\"wpforms-300-field_6\">Direcci\u00f3n<\/label><input type=\"text\" id=\"wpforms-300-field_6\" class=\"wpforms-field-medium\" name=\"wpforms[fields][6]\" ><\/div><div id=\"wpforms-300-field_4-container\" class=\"wpforms-field wpforms-field-text\" data-field-id=\"4\"><label class=\"wpforms-field-label\" for=\"wpforms-300-field_4\">Tel\u00e9fono<\/label><input type=\"text\" id=\"wpforms-300-field_4\" class=\"wpforms-field-small\" name=\"wpforms[fields][4]\" ><\/div><div id=\"wpforms-300-field_1-container\" class=\"wpforms-field wpforms-field-email\" data-field-id=\"1\"><label class=\"wpforms-field-label\" for=\"wpforms-300-field_1\">Email <span class=\"wpforms-required-label\">*<\/span><\/label><input type=\"email\" id=\"wpforms-300-field_1\" class=\"wpforms-field-medium wpforms-field-required\" name=\"wpforms[fields][1]\" spellcheck=\"false\" required><\/div><div id=\"wpforms-300-field_8-container\" class=\"wpforms-field wpforms-field-text\" data-field-id=\"8\"><label class=\"wpforms-field-label\" for=\"wpforms-300-field_8\">Referencia de la mascota<\/label><input type=\"text\" id=\"wpforms-300-field_8\" class=\"wpforms-field-small\" name=\"wpforms[fields][8]\" ><\/div><div id=\"wpforms-300-field_7-container\" class=\"wpforms-field wpforms-field-text\" data-field-id=\"7\"><label class=\"wpforms-field-label\" for=\"wpforms-300-field_7\">Asunto<\/label><input type=\"text\" id=\"wpforms-300-field_7\" class=\"wpforms-field-medium\" name=\"wpforms[fields][7]\" ><\/div><div id=\"wpforms-300-field_2-container\" class=\"wpforms-field wpforms-field-textarea\" data-field-id=\"2\"><label class=\"wpforms-field-label\" for=\"wpforms-300-field_2\">Mensaje <span class=\"wpforms-required-label\">*<\/span><\/label><textarea id=\"wpforms-300-field_2\" class=\"wpforms-field-medium wpforms-field-required\" name=\"wpforms[fields][2]\" required><\/textarea><\/div><div id=\"wpforms-300-field_9-container\" class=\"wpforms-field wpforms-field-checkbox\" data-field-id=\"9\"><label class=\"wpforms-field-label\">Pol\u00edtica de privacidad <span class=\"wpforms-required-label\">*<\/span><\/label><ul id=\"wpforms-300-field_9\" class=\"wpforms-field-required\"><li class=\"choice-1 depth-1\"><input type=\"checkbox\" id=\"wpforms-300-field_9_1\" name=\"wpforms[fields][9][]\" value=\"Cl\u00e1usula RGPD para formulario de contacto\" required ><label class=\"wpforms-field-label-inline\" for=\"wpforms-300-field_9_1\">Cl\u00e1usula RGPD para formulario de contacto<\/label><\/li><\/ul><div class=\"wpforms-field-description\">Le informamos que los datos personales que nos proporcione rellenando el presente formulario ser\u00e1n tratados por el AYUNTAMIENTO DE DOS HERMANAS como responsable de esta web. Estos datos podr\u00e1n ser usados para gestiones relacionadas con la resoluci\u00f3n de su consulta. Marcando la casilla de aceptaci\u00f3n de nuestra Pol\u00edtica de Privacidad, usted otorga su consentimiento expreso para la recogida y el tratamiento de sus datos personales exclusivamente con estos fines. Los datos que nos facilite ser\u00e1n almacenados en servidores propios del AYUNTAMIENTO DE DOS HERMANAS, ubicados dentro de la UE.<\/div><\/div><\/div><!-- .wpforms-field-container --><div class=\"wpforms-submit-container\" ><input type=\"hidden\" name=\"wpforms[id]\" value=\"300\"><input type=\"hidden\" name=\"page_title\" value=\"\"><input type=\"hidden\" name=\"page_url\" value=\"https:\/\/adoptame.doshermanas.es\/index.php?rest_route=%2Fwp%2Fv2%2Fpages%2F42\"><button type=\"submit\" name=\"wpforms[submit]\" id=\"wpforms-submit-300\" class=\"wpforms-submit\" data-alt-text=\"Enviando..\" data-submit-text=\"Enviar\" aria-live=\"assertive\" value=\"wpforms-submit\">Enviar<\/button><img decoding=\"async\" src=\"https:\/\/adoptame.doshermanas.es\/wp-content\/plugins\/wpforms-lite\/assets\/images\/submit-spin.svg\" class=\"wpforms-submit-spinner\" style=\"display: none;\" width=\"26\" height=\"26\" alt=\"Cargando\"><\/div><\/form><\/div>  <!-- .wpforms-container -->\t\t\t\t<\/div>\n\t\t\t\t<\/div>\n\t\t\t\t\t<\/div>\n\t\t<\/div>\n\t\t\t\t\t<\/div>\n\t\t<\/section>\n\t\t\t\t<\/div>\n\t\t","protected":false},"excerpt":{"rendered":"<p>Por favor, activa JavaScript en tu navegador para completar este formulario.Nombre *NombreApellidosDirecci\u00f3nTel\u00e9fonoEmail *Referencia de la mascotaAsunto<\/p>\n","protected":false},"author":1,"featured_media":0,"parent":0,"menu_order":0,"comment_status":"closed","ping_status":"closed","template":"","meta":{"footnotes":""},"class_list":["post-42","page","type-page","status-publish","hentry"],"yoast_head":"<!-- This site is optimized with the Yoast SEO plugin v24.2 - https:\/\/yoast.com\/wordpress\/plugins\/seo\/ -->\n<title>Contacto - adoptame DH<\/title>\n<meta name=\"robots\" content=\"index, follow, max-snippet:-1, max-image-preview:large, max-video-preview:-1\" \/>\n<link rel=\"canonical\" href=\"https:\/\/adoptame.doshermanas.es\/?page_id=42\" \/>\n<meta property=\"og:locale\" content=\"es_ES\" \/>\n<meta property=\"og:type\" content=\"article\" \/>\n<meta property=\"og:title\" content=\"Contacto - adoptame DH\" \/>\n<meta property=\"og:description\" content=\"Por favor, activa JavaScript en tu navegador para completar este formulario.Nombre *NombreApellidosDirecci\u00f3nTel\u00e9fonoEmail *Referencia de la mascotaAsunto\" \/>\n<meta property=\"og:url\" content=\"https:\/\/adoptame.doshermanas.es\/?page_id=42\" \/>\n<meta property=\"og:site_name\" content=\"adoptame DH\" \/>\n<meta property=\"article:modified_time\" content=\"2024-07-29T12:03:11+00:00\" \/>\n<meta property=\"og:image\" content=\"https:\/\/adoptame.doshermanas.es\/wp-content\/plugins\/wpforms-lite\/assets\/images\/submit-spin.svg\" \/>\n<meta name=\"twitter:card\" content=\"summary_large_image\" \/>\n<meta name=\"twitter:label1\" content=\"Tiempo de lectura\" \/>\n\t<meta name=\"twitter:data1\" content=\"1 minuto\" \/>\n<script type=\"application\/ld+json\" class=\"yoast-schema-graph\">{\"@context\":\"https:\/\/schema.org\",\"@graph\":[{\"@type\":\"WebPage\",\"@id\":\"https:\/\/adoptame.doshermanas.es\/?page_id=42\",\"url\":\"https:\/\/adoptame.doshermanas.es\/?page_id=42\",\"name\":\"Contacto - adoptame DH\",\"isPartOf\":{\"@id\":\"https:\/\/adoptame.doshermanas.es\/#website\"},\"primaryImageOfPage\":{\"@id\":\"https:\/\/adoptame.doshermanas.es\/?page_id=42#primaryimage\"},\"image\":{\"@id\":\"https:\/\/adoptame.doshermanas.es\/?page_id=42#primaryimage\"},\"thumbnailUrl\":\"https:\/\/adoptame.doshermanas.es\/wp-content\/plugins\/wpforms-lite\/assets\/images\/submit-spin.svg\",\"datePublished\":\"2021-07-14T11:35:09+00:00\",\"dateModified\":\"2024-07-29T12:03:11+00:00\",\"breadcrumb\":{\"@id\":\"https:\/\/adoptame.doshermanas.es\/?page_id=42#breadcrumb\"},\"inLanguage\":\"es\",\"potentialAction\":[{\"@type\":\"ReadAction\",\"target\":[\"https:\/\/adoptame.doshermanas.es\/?page_id=42\"]}]},{\"@type\":\"ImageObject\",\"inLanguage\":\"es\",\"@id\":\"https:\/\/adoptame.doshermanas.es\/?page_id=42#primaryimage\",\"url\":\"https:\/\/adoptame.doshermanas.es\/wp-content\/plugins\/wpforms-lite\/assets\/images\/submit-spin.svg\",\"contentUrl\":\"https:\/\/adoptame.doshermanas.es\/wp-content\/plugins\/wpforms-lite\/assets\/images\/submit-spin.svg\"},{\"@type\":\"BreadcrumbList\",\"@id\":\"https:\/\/adoptame.doshermanas.es\/?page_id=42#breadcrumb\",\"itemListElement\":[{\"@type\":\"ListItem\",\"position\":1,\"name\":\"Portada\",\"item\":\"https:\/\/adoptame.doshermanas.es\/\"},{\"@type\":\"ListItem\",\"position\":2,\"name\":\"Contacto\"}]},{\"@type\":\"WebSite\",\"@id\":\"https:\/\/adoptame.doshermanas.es\/#website\",\"url\":\"https:\/\/adoptame.doshermanas.es\/\",\"name\":\"adoptame DH\",\"description\":\"adoptame DH\",\"publisher\":{\"@id\":\"https:\/\/adoptame.doshermanas.es\/#organization\"},\"potentialAction\":[{\"@type\":\"SearchAction\",\"target\":{\"@type\":\"EntryPoint\",\"urlTemplate\":\"https:\/\/adoptame.doshermanas.es\/?s={search_term_string}\"},\"query-input\":{\"@type\":\"PropertyValueSpecification\",\"valueRequired\":true,\"valueName\":\"search_term_string\"}}],\"inLanguage\":\"es\"},{\"@type\":\"Organization\",\"@id\":\"https:\/\/adoptame.doshermanas.es\/#organization\",\"name\":\"adoptame DH\",\"url\":\"https:\/\/adoptame.doshermanas.es\/\",\"logo\":{\"@type\":\"ImageObject\",\"inLanguage\":\"es\",\"@id\":\"https:\/\/adoptame.doshermanas.es\/#\/schema\/logo\/image\/\",\"url\":\"https:\/\/adoptame.doshermanas.es\/wp-content\/uploads\/2021\/11\/adoptamedh.png\",\"contentUrl\":\"https:\/\/adoptame.doshermanas.es\/wp-content\/uploads\/2021\/11\/adoptamedh.png\",\"width\":342,\"height\":68,\"caption\":\"adoptame DH\"},\"image\":{\"@id\":\"https:\/\/adoptame.doshermanas.es\/#\/schema\/logo\/image\/\"}}]}<\/script>\n<!-- \/ Yoast SEO plugin. -->","yoast_head_json":{"title":"Contacto - adoptame DH","robots":{"index":"index","follow":"follow","max-snippet":"max-snippet:-1","max-image-preview":"max-image-preview:large","max-video-preview":"max-video-preview:-1"},"canonical":"https:\/\/adoptame.doshermanas.es\/?page_id=42","og_locale":"es_ES","og_type":"article","og_title":"Contacto - adoptame DH","og_description":"Por favor, activa JavaScript en tu navegador para completar este formulario.Nombre *NombreApellidosDirecci\u00f3nTel\u00e9fonoEmail *Referencia de la mascotaAsunto","og_url":"https:\/\/adoptame.doshermanas.es\/?page_id=42","og_site_name":"adoptame DH","article_modified_time":"2024-07-29T12:03:11+00:00","og_image":[{"url":"https:\/\/adoptame.doshermanas.es\/wp-content\/plugins\/wpforms-lite\/assets\/images\/submit-spin.svg","type":"","width":"","height":""}],"twitter_card":"summary_large_image","twitter_misc":{"Tiempo de lectura":"1 minuto"},"schema":{"@context":"https:\/\/schema.org","@graph":[{"@type":"WebPage","@id":"https:\/\/adoptame.doshermanas.es\/?page_id=42","url":"https:\/\/adoptame.doshermanas.es\/?page_id=42","name":"Contacto - adoptame DH","isPartOf":{"@id":"https:\/\/adoptame.doshermanas.es\/#website"},"primaryImageOfPage":{"@id":"https:\/\/adoptame.doshermanas.es\/?page_id=42#primaryimage"},"image":{"@id":"https:\/\/adoptame.doshermanas.es\/?page_id=42#primaryimage"},"thumbnailUrl":"https:\/\/adoptame.doshermanas.es\/wp-content\/plugins\/wpforms-lite\/assets\/images\/submit-spin.svg","datePublished":"2021-07-14T11:35:09+00:00","dateModified":"2024-07-29T12:03:11+00:00","breadcrumb":{"@id":"https:\/\/adoptame.doshermanas.es\/?page_id=42#breadcrumb"},"inLanguage":"es","potentialAction":[{"@type":"ReadAction","target":["https:\/\/adoptame.doshermanas.es\/?page_id=42"]}]},{"@type":"ImageObject","inLanguage":"es","@id":"https:\/\/adoptame.doshermanas.es\/?page_id=42#primaryimage","url":"https:\/\/adoptame.doshermanas.es\/wp-content\/plugins\/wpforms-lite\/assets\/images\/submit-spin.svg","contentUrl":"https:\/\/adoptame.doshermanas.es\/wp-content\/plugins\/wpforms-lite\/assets\/images\/submit-spin.svg"},{"@type":"BreadcrumbList","@id":"https:\/\/adoptame.doshermanas.es\/?page_id=42#breadcrumb","itemListElement":[{"@type":"ListItem","position":1,"name":"Portada","item":"https:\/\/adoptame.doshermanas.es\/"},{"@type":"ListItem","position":2,"name":"Contacto"}]},{"@type":"WebSite","@id":"https:\/\/adoptame.doshermanas.es\/#website","url":"https:\/\/adoptame.doshermanas.es\/","name":"adoptame DH","description":"adoptame DH","publisher":{"@id":"https:\/\/adoptame.doshermanas.es\/#organization"},"potentialAction":[{"@type":"SearchAction","target":{"@type":"EntryPoint","urlTemplate":"https:\/\/adoptame.doshermanas.es\/?s={search_term_string}"},"query-input":{"@type":"PropertyValueSpecification","valueRequired":true,"valueName":"search_term_string"}}],"inLanguage":"es"},{"@type":"Organization","@id":"https:\/\/adoptame.doshermanas.es\/#organization","name":"adoptame DH","url":"https:\/\/adoptame.doshermanas.es\/","logo":{"@type":"ImageObject","inLanguage":"es","@id":"https:\/\/adoptame.doshermanas.es\/#\/schema\/logo\/image\/","url":"https:\/\/adoptame.doshermanas.es\/wp-content\/uploads\/2021\/11\/adoptamedh.png","contentUrl":"https:\/\/adoptame.doshermanas.es\/wp-content\/uploads\/2021\/11\/adoptamedh.png","width":342,"height":68,"caption":"adoptame DH"},"image":{"@id":"https:\/\/adoptame.doshermanas.es\/#\/schema\/logo\/image\/"}}]}},"_links":{"self":[{"href":"https:\/\/adoptame.doshermanas.es\/index.php?rest_route=\/wp\/v2\/pages\/42","targetHints":{"allow":["GET"]}}],"collection":[{"href":"https:\/\/adoptame.doshermanas.es\/index.php?rest_route=\/wp\/v2\/pages"}],"about":[{"href":"https:\/\/adoptame.doshermanas.es\/index.php?rest_route=\/wp\/v2\/types\/page"}],"author":[{"embeddable":true,"href":"https:\/\/adoptame.doshermanas.es\/index.php?rest_route=\/wp\/v2\/users\/1"}],"replies":[{"embeddable":true,"href":"https:\/\/adoptame.doshermanas.es\/index.php?rest_route=%2Fwp%2Fv2%2Fcomments&post=42"}],"version-history":[{"count":7,"href":"https:\/\/adoptame.doshermanas.es\/index.php?rest_route=\/wp\/v2\/pages\/42\/revisions"}],"predecessor-version":[{"id":379,"href":"https:\/\/adoptame.doshermanas.es\/index.php?rest_route=\/wp\/v2\/pages\/42\/revisions\/379"}],"wp:attachment":[{"href":"https:\/\/adoptame.doshermanas.es\/index.php?rest_route=%2Fwp%2Fv2%2Fmedia&parent=42"}],"curies":[{"name":"wp","href":"https:\/\/api.w.org\/{rel}","templated":true}]}}